-8
Let x(i) = i**2 + 2*i + 3. Let p = -389 + 394. Give x(p).
38
Let b(p) = -3*p**2 + p + 2. Let k(c) = -c**3 + 24*c**2 + 21*c + 98. Let f be k(25). Calculate b(f).
-12
Let o be -2 - -4*2/4. Let b(l) = l**2 + 7*l + 10. Let m(t) = 0*t + t - 7*t - t**2 - 14 + 4. Let y(a) = 5*b(a) + 6*m(a). Calculate y(o).
-10
Let l(i) = i + 6. Let y(m) = -m - 6. Suppose -8*h - 9 = -11*h. Let g(z) = h*y(z) + 2*l(z). Calculate g(-7).
1
Let h(m) = -9 - 8*m + 7*m + 14 - 10. Determine h(6).
-11
Let n(w) = -7*w**2 - w. Suppose 0 = -4*b + 2*f - 240, -2*b + 7*f = 3*f + 132. Let m = b - -57. What is n(m)?
-6
Let p(u) = 8 + 3*u - 5 - 15 + 37. Calculate p(-8).
1
Let j(p) = -25*p + 10*p - 3*p. Determine j(1).
-18
Suppose -t - 5 = h, -2*t = 4*h + 14 + 10. Let m(y) = y. Calculate m(h).
-7
Let a(l) = l**2 - l + 12. Suppose -518*m = -522*m. Calculate a(m).
12
Let u(t) be the first derivative of t**3/3 - 6*t**2 + 7*t - 111. Calculate u(10).
-13
Suppose 3*w = 4*w - 9. Suppose -w*k = -7*k + 2. Let r(a) = -5*a. What is r(k)?
5
Let i be (7 - 4)*10/6. Let m(u) = -5*u - i - 2*u - 1 + 0 - u**2. What is m(-6)?
0
Let g(x) = -3*x - 56. Let u(w) = w + 11. Let m(p) = -g(p) - 5*u(p). Let c(n) = -n**2 - 5*n - 2. Let t be c(-5). Let q = t + 4. Determine m(q).
-3
Suppose v = -5*i + 3*v - 11, -i + v - 1 = 0. Let g be (i - -2) + (-5 - -4). Let a be g/(-8)*-2*6. Let r(q) = -q**2 - 4*q - 4. Calculate r(a).
-1
Let d be (-13 + 8)/((-1)/(-2)). Let b(z) = 1 + 11*z + z**2 + 5 - 4 + 2 + 6. Determine b(d).
0
Let t = -235 - -229. Let w(m) be the first derivative of m**4/12 + m**3 + m - 1. Let s(v) be the first derivative of w(v). Determine s(t).
0
Let q(c) = 4*c. Let n be q(-1). Let a(w) = 2 + 0*w**2 + 4*w**2 + 53*w**3 - 52*w**3 + 3*w. What is a(n)?
-10
Let o(g) = -13 + 4*g - 1381*g**3 + 10*g - 14*g**2 + 1382*g**3. Determine o(13).
0
Let o(d) be the third derivative of -d**5/60 - 11*d**4/24 - 5*d**3/2 + 4*d**2. Let y be o(-10). Let i(b) = -293 + b - 2*b + 285. Determine i(y).
-3
Suppose -19*a = -13*a + 12. Let t(h) = 8*h + 13. What is t(a)?
-3
Let r(y) = -2*y**2 - 26*y - 24. Let m be r(-15). Let u = 79 + m. Let i(l) = l**3 + 4*l**2 - 7*l - 5. Determine i(u).
5
Let a(n) = -2*n + 2. Let l = 32 + 33. Suppose -58 = 3*w - 2*y, -5*y = 5*w - 2*y + l. Let o = 14 + w. Calculate a(o).
6
Suppose 6*p - 5*p = 9. Suppose -n = 2*n + p. Let s(z) = -3*z - 3. Give s(n).
6
Let h(g) = -g**3 + 10 + 6 + 6*g - 10 - 3*g**2. Let x be h(-4). Let l be (-16)/(x - -6) - -1. Let s(t) = t**2 - 2. Calculate s(l).
7
Let i(o) = -14*o - 5 - o**3 + o + 7*o**2 + 6*o + o. Let n(h) = h - 3. Let g be n(9). Determine i(g).
-5
Let m be ((-32)/16)/((2*-1)/1). Let f(v) = 13*v**2 - v + 1. What is f(m)?
13
Let n(a) = -2*a - 5. Let g(j) = j + 2. Suppose -3*s - 26 = 2*s + t, -5*s - 28 = 3*t. Let l(q) = s*g(q) - 3*n(q). Calculate l(-5).
0
Let h be 7*(2 - (4 - 3)). Let d(q) = 42*q**3 + 8 + h*q**2 - 41*q**3 + 8*q + q**2. What is d(-7)?
1
Let d(c) = -7*c**2 - 10*c - 8. Let x(z) = 8*z**2 + 11*z + 9. Let n(h) = 6*d(h) + 5*x(h). What is n(-5)?
-28
Let m(p) = 2*p + 16. Let f be m(-6). Let h(c) = f*c + 4 - 6*c + 3. What is h(5)?
-3
Let q be 3*(-4 + 3) + -2. Let w(s) = s**2 + 7*s. Let d be w(-7). Let i(c) = 2*c + c**2 + 0*c**2 - 5 + d*c**2 + 0*c**2. What is i(q)?
10
Let k(i) = 4*i**2 + 9*i - 1. Let r(y) = 5*y**2 + 10*y - 2. Let q(h) = -3*h + 7. Let z be q(4). Let v(l) = z*r(l) + 6*k(l). Give v(3).
7
Suppose 11*z = 7*z + 16. Suppose -15 = g - z*c, 4*c + 27 = -2*g + 9*c. Let x(k) = k - 4. What is x(g)?
-15
Suppose 0*d = -4*d + 8. Let s(a) = 2 - d + 2*a + a**3 - 6*a**2. Let l be 215/258 + 10/(-12) - -5. Give s(l).
-15
Let n(r) = -4*r + 8 - 1 + 6*r. Let p = 3 - 1. Let q(m) = -2*m**2 + 2*m - 3. Let t be q(p). Calculate n(t).
-7
Let r(j) = 412*j**2 - 210*j**2 + 13 - 201*j**2 - 8*j. Give r(7).
6
Let w(m) = -7*m**3 + 19*m**2 - 10. Let r(g) = 10*g**3 - 27*g**2 + 14. Let t(j) = -5*r(j) - 7*w(j). Determine t(1).
1
Suppose -5*k - 38 = -4*c, 0 = -3*c - 14*k + 11*k + 15. Let p(j) be the second derivative of -3/2*j**2 - 1/6*j**3 + 0 + c*j. Determine p(3).
-6
Let z be (-1)/15*-47 + 58/(-435). Let i(s) = -3*s + 4*s + 0*s - 2. Give i(z).
1
Let y(c) = 25*c**2 + 5*c + 1. Let r(p) = -24*p**2 - 6*p - 1. Let t(d) = -3*r(d) - 4*y(d). Suppose 4*x - 3*k = 8, 3*x + x + 24 = -5*k. Give t(x).
-27
Let f(w) = -w**3 + 5*w**2 + 3*w - 3. Let p be (-8 + 4)/(1/(10/(-8))). What is f(p)?
12
Let s be 21 - (-2 - -4 - 4). Let o = s + -19. Let i = -4 + o. Let n(k) = -k**3 + k**2 + k + 12. What is n(i)?
12
Let d(a) = -a**3 + 5*a**2 - 6*a + 3. Let p = -8 + 5. Let l be 3/(p + 6) + 1. Let u(h) = h**2. Let x be u(l). Give d(x).
-5
Let k(q) = -2*q - 7. Let b(s) = 6. Let z(j) = 14. Let x(r) = -5*b(r) + 2*z(r). Let f(c) = -k(c) + 6*x(c). Calculate f(4).
3
Let a(m) be the second derivative of -m**3/3 - m**2/2 + 2*m. Let o(f) = -f - 3. Let l be o(-4). Determine a(l).
-3
Let c(w) = 11*w - 25. Let d(h) = 6*h - 13. Let g(m) = -4*c(m) + 7*d(m). Give g(-9).
27
Let s be (-2310)/(-231)*(1 + 1)/4. Let n(w) = w**3 + 2*w**2 - 4*w + 5. Let a(o) = 2*o**3 + 3*o**2 - 8*o + 10. Let i(v) = 6*a(v) - 11*n(v). What is i(s)?
10
Let q(b) = -6*b**3 - 10*b**2 - 5*b - 5. Let l(r) = -21*r**3 - 4 - 9*r**2 + 0*r + 16*r**3 - 4*r. Let a(k) = 5*l(k) - 4*q(k). Give a(-5).
0
Let k(i) = 4*i + 19. Suppose 22 = -4*s - v, 8*v - 28 = 4*s + 6*v. What is k(s)?
-5
Let m(s) = -s**2 + 7*s + 60. Let t be m(12). Let r(c) be the third derivative of 0*c**4 - 6*c**2 + 0 + 1/30*c**5 + t*c + 1/6*c**3. Determine r(2).
9
Let r(l) = l**2 - 9*l + 5. Let w(d) = -d + 9. Let h(j) = -1. Let y(s) = 3*h(s) + w(s). Let m be y(-1). Give r(m).
-9
Let h(b) = -b**3 - 4*b**2 - b - 1. Let w be h(-4). Suppose 0*n + n + w = 0. Let t(q) = q**2 - q + 1. Calculate t(n).
13
Let h(j) = -j**3 + j**2 + j. Let n(r) = 3*r**3 + 2*r**2 + 2*r + 2. Let o(z) = 2*h(z) + n(z). Determine o(-2).
2
Let i(j) = j**2 + 2. Suppose 0 = -12*x + 7*x. Calculate i(x).
2
Let j(x) be the third derivative of x**4/24 - 2*x**3/3 - 6*x**2. Let k(s) = -s**3 + 6*s**2 - 8*s + 3. Let l be k(3). What is j(l)?
2
Let g(i) = -4 - 15 - 5*i + 16 + 10*i**2 - 4*i**2 - 5*i**2. Let z(c) = 3*c**2 - c + 1. Let o be z(1). Suppose -3*b + 9 = -o. Give g(b).
-7
Let q(l) be the second derivative of l**4/12 + 4*l**3/3 + 2*l**2 + 3*l - 291. Let o = -20 - -14. Determine q(o).
-8
Let m(i) = i**3 + 6*i**2 + 4*i - 3. Let v(x) = -x**2 - 4*x + 7. Let f be v(2). Determine m(f).
2
Let m(z) = 5*z**3 + 2*z**2 + z - 6. Let x(q) = q**3 + q**2 + q - 1. Let d(o) = -m(o) + 4*x(o). Let w = 3642 - 3639. Determine d(w).
2
Let q(j) = 127 + 22*j - 45 - 39 - 44. Determine q(2).
43
Let y(w) = -w**3 - w**2 + 2*w - 1. Let x = 5 + -5. Let q be (-4 - -5 - -1) + x. Determine y(q).
-9
Suppose -3*y = -0 - 12. Suppose y = 4*t + 88. Let u = -23 - t. Let p(v) = -2*v**3 - 4*v**2 - 3*v. What is p(u)?
6
Let s(b) be the first derivative of 5*b**2/2 - 4*b - 1. Suppose 0 = p - 99 + 95. What is s(p)?
16
Let u(z) = z**3 + 7*z**2 + 6*z + 2. Let t be (3/2)/(4/8). Suppose n = -t*q - 12, -5*n + 4*q = -0*n + 22. What is u(n)?
2
Let s(k) be the third derivative of k**5/12 - 5*k**4/24 - 5*k**3/6 + 3*k**2. Let h(a) = -14*a**2 + 14*a + 14. Let t(y) = 4*h(y) + 11*s(y). Determine t(0).
1
Let j(q) = -q - 3*q**2 + q**3 - q**2 + 3 + 0*q - 5*q + 0*q. Suppose -5*s + 3 = -2, 3*b = 5*s - 11. Let i = 3 - b. Give j(i).
-2
Suppose 0 = 189*v - 198*v + 108. Let d(o) = -2*o + 17. Determine d(v).
-7
Suppose 0 = -3*u + u + 36. Let t = u + -18. Let a(c) = t*c + 3*c - 4*c - 7. Give a(-5).
-2
Let s(f) = 0*f**2 - 2*f**2 - f - 5 + 16*f + 12 - 13. Give s(7).
1
Suppose 7*g - 34 = 8. Let z be 16/10 - (-6)/15. Let x(q) = 3*q - 4*q**2 + 2*q - 6 + 3*q**z. Determine x(g).
-12
Let i(z) = 30*z**2 + 14*z + 1. Let s(o) = -13*o**2 - 7*o - 1. Let g(f) = -3*i(f) - 7*s(f). What is g(-5)?
-6
Let y be (6/10)/((-57)/285). Let p(m) = m**2 - 2*m - 2. Give p(y).
13
Let l(g) be the first derivative of -g**4/4 + 2*g**3/3 + 3*g**2 + 3*g - 242. Give l(-2).
7
Let f(u) be the first derivative of 1/3*u**3 - 5/2*u**2 + 1/4*u**4 + 8 - 4*u. Give f(-3).
-7
Suppose -10*c - 6 = -13*c. Let k(a) = -229*a**2 + 2 - 6*a + 230*a**c + 2. Suppose 3*x - 7*d - 15 = -3*d, -3*x - 5*d + 15 = 0. Calculate k(x).
-1
Let i(n) = -n**2 + 4*n - 4. Let o = -4 + 10. Suppose 4*r - 18 = o. Let x = r + -2. Give i(x).
-4
Let t(g) = -22*g + 28. Let a(d) = 11*d -